3?
5
What is the remainder when 7066 is divided by 493?
164
What is the remainder when 5961 is divided by 231?
186
Calculate the remainder when 7223411 is divided by 162.
155
Calculate the remainder when 1053388 is divided by 2514.
22
What is the remainder when 129400597 is divided by 700?
697
What is the remainder when 636789 is divided by 3106?
59
Calculate the remainder when 2729324 is divided by 3775.
3774
Calculate the remainder when 563001258 is divided by 31.
28
Calculate the remainder when 119258048 is divided by 182631.
5
What is the remainder when 1014968 is divided by 3874?
3854
What is the remainder when 256121 is divided by 12774?
641
Calculate the remainder when 55051541 is divided by 11010307.
6
What is the remainder when 8263693 is divided by 1377271?
67
Calculate the remainder when 32625 is divided by 464.
145
What is the remainder when 1439940 is divided by 4617?
4053
What is the remainder when 2837192 is divided by 4720?
472
What is the remainder when 33484 is divided by 54?
4
Calculate the remainder when 1988002 is divided by 1992.
1978
What is the remainder when 295118 is divided by 1311?
143
What is the remainder when 13939258 is divided by 64?
58
What is the remainder when 48537837 is divided by 10068?
9
What is the remainder when 35794893 is divided by 5113555?
8
What is the remainder when 3103059 is divided by 5013?
12
What is the remainder when 145695 is divided by 311?
147
Calculate the remainder when 45195 is divided by 709.
528
What is the remainder when 486541 is divided by 97262?
231
Calculate the remainder when 863696 is divided by 232.
192
Calculate the remainder when 18981182 is divided by 10834.
14
What is the remainder when 150861 is divided by 37711?
17
What is the remainder when 425500474 is divided by 6?
4
What is the remainder when 3374535 is divided by 948?
603
Calculate the remainder when 3870016 is divided by 980.
976
Calculate the remainder when 1244353 is divided by 716.
661
Calculate the remainder when 1248924 is divided by 5477.
168
What is the remainder when 865425 is divided by 428768?
7889
What is the remainder when 50552 is divided by 3887?
21
Calculate the remainder when 5274553 is divided by 62.
27
Calculate the remainder when 52231756 is divided by 3243.
3241
Calculate the remainder when 24895486 is divided by 8298471.
73
Calculate the remainder when 7980910 is divided by 76739.
54
Calculate the remainder when 5300566 is divided by 201.
196
Calculate the remainder when 43298174 is divided by 10067.
7
What is the remainder when 8346049 is divided by 7097?
7074
Calculate the remainder when 1797104 is divided by 28985.
34
What is the remainder when 100353016 is divided by 89?
87
What is the remainder when 932666 is divided by 162?
32
Calculate the remainder when 4679784 is divided by 6933.
9
What is the remainder when 853208 is divided by 203?
202
Calculate the remainder when 1467487 is divided by 66685.
417
Calculate the remainder when 1913972 is divided by 42530.
122
What is the remainder when 70903 is divided by 637?
196
Calculate the remainder when 63463 is divided by 3503.
409
Calculate the remainder when 367619417 is divided by 370.
367
Calculate the remainder when 166023 is divided by 41500.
23
What is the remainder when 35559 is divided by 17689?
181
Calculate the remainder when 48402011 is divided by 41.
35
What is the remainder when 97733847 is divided by 50?
47
What is the remainder when 516703 is divided by 11731?
539
Calculate the remainder when 2784 is divided by 532.
124
Calculate the remainder when 8958158 is divided by 1464.
1406
Calculate the remainder when 15155675 is divided by 49.
24
Calculate the remainder when 203824 is divided by 5358.
220
What is the remainder when 1769299 is divided by 5689?
20
Calculate the remainder when 573219 is divided by 9884.
9831
What is the remainder when 206208208 is divided by 184279?
7
What is the remainder when 182571000 is divided by 9?
6
Calculate the remainder when 33976025 is divided by 679520.
25
Calculate the remainder when 11648 is divided by 374.
54
What is the remainder when 127247 is divided by 498?
257
What is the remainder when 65150 is divided by 1283?
1000
Calculate the remainder when 1059217 is divided by 1058.
159
Calculate the remainder when 1452412 is divided by 76438.
90
Calculate the remainder when 815890 is divided by 1001.
75
Calculate the remainder when 1168130 is divided by 83361.
1076
What is the remainder when 261705 is divided by 1222?
197
Calculate the remainder when 2726958 is divided by 5.
3
Calculate the remainder when 49669655 is divided by 9933928.
15
Calculate the remainder when 117696839 is divided by 3266.
3263
Calculate the remainder when 5228448 is divided by 95062.
38
Calculate the remainder when 4373170 is divided by 1846.
1842
Calculate the remainder when 710961 is divided by 294.
69
Calculate the remainder when 15786608 is divided by 2140.
1968
What is the remainder when 957116 is divided by 159411?
650
Calculate the remainder when 970451165 is divided by 1264.
1261
What is the remainder when 2035 is divided by 222?
37
What is the remainder when 20934400 is divided by 2768?
16
What is the remainder when 5122258 is divided by 179?
173
What is the remainder when 234741561 is divided by 6724?
6721
What is the remainder when 9176635 is divided by 32?
27
What is the remainder when 105691 is divided by 148?
19
Calculate the remainder when 180209 is divided by 107.
21
What is the remainder when 1434767 is divided by 396?
59
What is the remainder when 181589 is divided by 12970?
9
What is the remainder when 4327768 is divided by 198?
82
Calculate the remainder when 32725 is divided by 16141.
443
What is the remainder when 55365230 is divided by 652?
650
What is the remainder when 1389894 is divided by 4017?
12
Calculate the remainder when 1082940 is divided by 917.
880
What is the remainder when 16269 is divided by 2293?
218
Calculate the remainder when 423425 is divided by 320.
65
Calculate the remainder when 665095 is divided by 332537.
21
Calculate the remainder when 1435800 is divided by 62422.
94
Calculate the remainder when 26821162 is divided by 26.
4
Calculate the remainder when 142890 is divided by 7518.
48
Calculate the remainder when 134272 is divided by 1595.
292
Calculate the remainder when 13973384 is divided by 44.
40
Calculate the remainder when 2478778 is divided by 79960.
18
What is the remainder when 5792183 is divided by 13?
7
Calculate the remainder when 12464209 is divided by 32124.
97
Calculate the remainder when 13317474 is divided by 493236.
102
What is the remainder when 756783 is divided by 625?
533
What is the remainder when 8117421 is divided by 28?
25
What is the remainder when 11706446 is divided by 208?
206
What is the remainder when 80746 is divided by 8004?
706
What is the remainder when 9473677 is divided by 473?
433
What is the remainder when 349132 is divided by 58058?
784
What is the remainder when 166944 is divided by 141?
0
Calculate the remainder when 1082943 is divided by 6333.
0
Calculate the remainder when 331623 is divided by 580.
443
What is the remainder when 63535405 is divided by 90?
85
What is the remainder when 776405 is divided by 63?
56
What is the remainder when 9007897 is divided by 65?
2
What is the remainder when 165082 is divided by 6144?
5338
Calculate the remainder when 1861836 is divided by 1360.
1356
What is the remainder when 2111974 is divided by 422394?
4
What is the remainder when 2065241 is divided by 286?
35
What is the remainder when 20814544 is divided by 21?
16
What is the remainder when 2026100 is divided by 8809?
30
What is the remainder when 78981538 is divided by 726?
724
Calculate the remainder when 1205057962 is divided by 1146.
1144
What is the remainder when 40244914 is divided by 12?
10
Calculate the remainder when 1983587 is divided by 661184.
35
What is the remainder when 2082451 is divided by 67?
24
Calculate the remainder when 1931024 is divided by 138.
128
What is the remainder when 12944 is divided by 12564?
380
What is the remainder when 11110448 is divided by 343?
335
Calculate the remainder when 32997190 is divided by 2062324.
6
What is the remainder when 11169244 is divided by 558462?
4
Calculate the remainder w